{"id":15332,"date":"2015-05-28T07:03:52","date_gmt":"2015-05-28T07:03:52","guid":{"rendered":"http:\/\/demo.qodeinteractive.com\/bridge118\/?page_id=15332"},"modified":"2018-07-31T13:19:10","modified_gmt":"2018-07-31T11:19:10","slug":"contact-us","status":"publish","type":"page","link":"https:\/\/dominiqueidiart.fr\/index.php\/contact-us\/","title":{"rendered":"Contact"},"content":{"rendered":"<p>[vc_row css_animation=\u00a0\u00bb\u00a0\u00bb row_type=\u00a0\u00bbrow\u00a0\u00bb use_row_as_full_screen_section=\u00a0\u00bbno\u00a0\u00bb type=\u00a0\u00bbgrid\u00a0\u00bb angled_section=\u00a0\u00bbno\u00a0\u00bb text_align=\u00a0\u00bbleft\u00a0\u00bb background_image_as_pattern=\u00a0\u00bbwithout_pattern\u00a0\u00bb padding_top=\u00a0\u00bb98&Prime; padding_bottom=\u00a0\u00bb62&Prime;][vc_column width=\u00a0\u00bb1\/2&Prime;][vc_column_text]<\/p>\n<h3>Contact<\/h3>\n<p>[\/vc_column_text][vc_separator type=\u00a0\u00bbtransparent\u00a0\u00bb up=\u00a0\u00bb27&Prime; down=\u00a0\u00bb0&Prime;][vc_column_text]Nous sommes \u00e0 votre \u00e9coute pour toute demande de renseignement sur notre activit\u00e9 ou un service que vous souhaiteriez nous commander. Merci de nous laisser un message le plus clair possible ici ; nous vous r\u00e9pondront dans les meilleurs d\u00e9lais (souvent moins de 24H).[\/vc_column_text][vc_separator type=\u00a0\u00bbtransparent\u00a0\u00bb up=\u00a0\u00bb27&Prime; down=\u00a0\u00bb0&Prime;]<div role=\"form\" class=\"wpcf7\" id=\"wpcf7-f15771-o1\" lang=\"fr-FR\" dir=\"ltr\">\n<div class=\"screen-reader-response\"><p role=\"status\" aria-live=\"polite\" aria-atomic=\"true\"><\/p> <ul><\/ul><\/div>\n<form action=\"\/index.php\/wp-json\/wp\/v2\/pages\/15332#wpcf7-f15771-o1\" method=\"post\" class=\"wpcf7-form init cf7_custom_style_1\" novalidate=\"novalidate\" data-status=\"init\">\n<div style=\"display: none;\">\n<input type=\"hidden\" name=\"_wpcf7\" value=\"15771\" \/>\n<input type=\"hidden\" name=\"_wpcf7_version\" value=\"5.6.3\" \/>\n<input type=\"hidden\" name=\"_wpcf7_locale\" value=\"fr_FR\" \/>\n<input type=\"hidden\" name=\"_wpcf7_unit_tag\" value=\"wpcf7-f15771-o1\" \/>\n<input type=\"hidden\" name=\"_wpcf7_container_post\" value=\"0\" \/>\n<input type=\"hidden\" name=\"_wpcf7_posted_data_hash\" value=\"\" \/>\n<\/div>\n<p><label> Votre nom (obligatoire)<br \/>\n    <span class=\"wpcf7-form-control-wrap\" data-name=\"your-name\"><input type=\"text\" name=\"your-name\" value=\"\" size=\"40\" class=\"wpcf7-form-control wpcf7-text wpcf7-validates-as-required\" aria-required=\"true\" aria-invalid=\"false\" \/><\/span> <\/label><\/p>\n<p><label> Votre adresse de messagerie (obligatoire)<br \/>\n    <span class=\"wpcf7-form-control-wrap\" data-name=\"your-email\"><input type=\"email\" name=\"your-email\" value=\"\" size=\"40\" class=\"wpcf7-form-control wpcf7-text wpcf7-email wpcf7-validates-as-required wpcf7-validates-as-email\" aria-required=\"true\" aria-invalid=\"false\" \/><\/span> <\/label><\/p>\n<p><label> Objet<br \/>\n    <span class=\"wpcf7-form-control-wrap\" data-name=\"your-subject\"><input type=\"text\" name=\"your-subject\" value=\"\" size=\"40\" class=\"wpcf7-form-control wpcf7-text\" aria-invalid=\"false\" \/><\/span> <\/label><\/p>\n<p><label> Votre message<br \/>\n    <span class=\"wpcf7-form-control-wrap\" data-name=\"your-message\"><textarea name=\"your-message\" cols=\"40\" rows=\"10\" class=\"wpcf7-form-control wpcf7-textarea\" aria-invalid=\"false\"><\/textarea><\/span> <\/label><br \/>\n<span class=\"wpcf7-form-control-wrap\" data-name=\"quiz-284\"><label><span class=\"wpcf7-quiz-label\">4+1= ?\/5<\/span> <input type=\"text\" name=\"quiz-284\" size=\"40\" class=\"wpcf7-form-control wpcf7-quiz\" autocomplete=\"off\" aria-required=\"true\" aria-invalid=\"false\" \/><\/label><input type=\"hidden\" name=\"_wpcf7_quiz_answer_quiz-284\" value=\"8d73e992dd8e28ebd7d51378ebb7a637\" \/><\/span><br \/>\n<input type=\"submit\" value=\"Envoyer\" class=\"wpcf7-form-control has-spinner wpcf7-submit\" \/><\/p>\n<p style=\"display: none !important;\"><label>&#916;<textarea name=\"_wpcf7_ak_hp_textarea\" cols=\"45\" rows=\"8\" maxlength=\"100\"><\/textarea><\/label><input type=\"hidden\" id=\"ak_js_1\" name=\"_wpcf7_ak_js\" value=\"129\"\/><script>document.getElementById( \"ak_js_1\" ).setAttribute( \"value\", ( new Date() ).getTime() );<\/script><\/p><div class=\"wpcf7-response-output\" aria-hidden=\"true\"><\/div><\/form><\/div>[vc_separator type=\u00a0\u00bbtransparent\u00a0\u00bb up=\u00a0\u00bb50&Prime; down=\u00a0\u00bb0&Prime;][\/vc_column][vc_column width=\u00a0\u00bb1\/2&Prime;][vc_column_text]<\/p>\n<h3>Le Studio<\/h3>\n<p>[\/vc_column_text][vc_separator type=\u00a0\u00bbtransparent\u00a0\u00bb up=\u00a0\u00bb27&Prime; down=\u00a0\u00bb0&Prime;][vc_column_text]Bas\u00e9 depuis 2 ans \u00e0 Talence, ville dynamique limitrophe de Bordeaux, Nous travaillons au r\u00e9gional comme \u00e0 l&rsquo;international. R\u00e9guli\u00e8rement entre Bordeaux et Paris ; nous pourrons, au besoin vous accueillir dans ces deux villes.[\/vc_column_text][vc_separator type=\u00a0\u00bbtransparent\u00a0\u00bb up=\u00a0\u00bb27&Prime; down=\u00a0\u00bb0&Prime;][vc_column_text]<span style=\"color: #222222;\">155 Cours Gambetta<\/span><\/p>\n<p><span style=\"color: #222222;\">Talence, Gironde, France<\/span><\/p>\n<p><span style=\"color: #222222;\">+33 622 642 397<\/span><\/p>\n<p><span style=\"color: #1abc9c;\">ecrire@dominiqueidiart.fr<\/span><\/p>\n<p><span style=\"color: #1abc9c;\">www.dominiqueidiart.fr<\/span>[\/vc_column_text][vc_separator type=\u00a0\u00bbtransparent\u00a0\u00bb up=\u00a0\u00bb50&Prime; down=\u00a0\u00bb0&Prime;][\/vc_column][\/vc_row]<\/p>\n","protected":false},"excerpt":{"rendered":"<p>[vc_row css_animation=\u00a0\u00bb\u00a0\u00bb row_type=\u00a0\u00bbrow\u00a0\u00bb use_row_as_full_screen_section=\u00a0\u00bbno\u00a0\u00bb type=\u00a0\u00bbgrid\u00a0\u00bb angled_section=\u00a0\u00bbno\u00a0\u00bb text_align=\u00a0\u00bbleft\u00a0\u00bb background_image_as_pattern=\u00a0\u00bbwithout_pattern\u00a0\u00bb padding_top=\u00a0\u00bb98&Prime; padding_bottom=\u00a0\u00bb62&Prime;][vc_column width=\u00a0\u00bb1\/2&Prime;][vc_column_text] Contact [\/vc_column_text][vc_separator type=\u00a0\u00bbtransparent\u00a0\u00bb up=\u00a0\u00bb27&Prime; down=\u00a0\u00bb0&Prime;][vc_column_text]Nous sommes \u00e0 votre \u00e9coute pour toute demande de renseignement sur notre activit\u00e9 ou un service que vous souhaiteriez nous commander. Merci de nous laisser un message le plus clair&#8230;<\/p>\n","protected":false},"author":2,"featured_media":0,"parent":0,"menu_order":0,"comment_status":"open","ping_status":"open","template":"","meta":[],"yoast_head":"<!-- This site is optimized with the Yoast SEO plugin v19.6.1 - https:\/\/yoast.com\/wordpress\/plugins\/seo\/ -->\n<title>Contact | DOMINIQUE IDIART STUDIO CONSEIL<\/title>\n<meta name=\"robots\" content=\"noindex, follow\" \/>\n<meta property=\"og:locale\" content=\"fr_FR\" \/>\n<meta property=\"og:type\" content=\"article\" \/>\n<meta property=\"og:title\" content=\"Contact | DOMINIQUE IDIART STUDIO CONSEIL\" \/>\n<meta property=\"og:description\" content=\"[vc_row css_animation=\u00a0\u00bb\u00a0\u00bb row_type=\u00a0\u00bbrow\u00a0\u00bb use_row_as_full_screen_section=\u00a0\u00bbno\u00a0\u00bb type=\u00a0\u00bbgrid\u00a0\u00bb angled_section=\u00a0\u00bbno\u00a0\u00bb text_align=\u00a0\u00bbleft\u00a0\u00bb background_image_as_pattern=\u00a0\u00bbwithout_pattern\u00a0\u00bb padding_top=\u00a0\u00bb98&Prime; padding_bottom=\u00a0\u00bb62&Prime;][vc_column width=\u00a0\u00bb1\/2&Prime;][vc_column_text] Contact [\/vc_column_text][vc_separator type=\u00a0\u00bbtransparent\u00a0\u00bb up=\u00a0\u00bb27&Prime; down=\u00a0\u00bb0&Prime;][vc_column_text]Nous sommes \u00e0 votre \u00e9coute pour toute demande de renseignement sur notre activit\u00e9 ou un service que vous souhaiteriez nous commander. Merci de nous laisser un message le plus clair...\" \/>\n<meta property=\"og:url\" content=\"https:\/\/dominiqueidiart.fr\/index.php\/contact-us\/\" \/>\n<meta property=\"og:site_name\" content=\"DOMINIQUE IDIART STUDIO CONSEIL\" \/>\n<meta property=\"article:publisher\" content=\"https:\/\/www.facebook.com\/Domditfreez\" \/>\n<meta property=\"article:modified_time\" content=\"2018-07-31T11:19:10+00:00\" \/>\n<meta name=\"twitter:card\" content=\"summary_large_image\" \/>\n<meta name=\"twitter:site\" content=\"@Masta_FreeeeZ\" \/>\n<meta name=\"twitter:label1\" content=\"Dur\u00e9e de lecture estim\u00e9e\" \/>\n\t<meta name=\"twitter:data1\" content=\"1 minute\" \/>\n<script type=\"application\/ld+json\" class=\"yoast-schema-graph\">{\"@context\":\"https:\/\/schema.org\",\"@graph\":[{\"@type\":\"WebPage\",\"@id\":\"https:\/\/dominiqueidiart.fr\/index.php\/contact-us\/\",\"url\":\"https:\/\/dominiqueidiart.fr\/index.php\/contact-us\/\",\"name\":\"Contact | DOMINIQUE IDIART STUDIO CONSEIL\",\"isPartOf\":{\"@id\":\"https:\/\/dominiqueidiart.fr\/#website\"},\"datePublished\":\"2015-05-28T07:03:52+00:00\",\"dateModified\":\"2018-07-31T11:19:10+00:00\",\"breadcrumb\":{\"@id\":\"https:\/\/dominiqueidiart.fr\/index.php\/contact-us\/#breadcrumb\"},\"inLanguage\":\"fr-FR\",\"potentialAction\":[{\"@type\":\"ReadAction\",\"target\":[\"https:\/\/dominiqueidiart.fr\/index.php\/contact-us\/\"]}]},{\"@type\":\"BreadcrumbList\",\"@id\":\"https:\/\/dominiqueidiart.fr\/index.php\/contact-us\/#breadcrumb\",\"itemListElement\":[{\"@type\":\"ListItem\",\"position\":1,\"name\":\"Accueil\",\"item\":\"https:\/\/dominiqueidiart.fr\/\"},{\"@type\":\"ListItem\",\"position\":2,\"name\":\"Contact\"}]},{\"@type\":\"WebSite\",\"@id\":\"https:\/\/dominiqueidiart.fr\/#website\",\"url\":\"https:\/\/dominiqueidiart.fr\/\",\"name\":\"DOMINIQUE IDIART STUDIO CONSEIL\",\"description\":\"Graphiste\u239cD.A.\",\"potentialAction\":[{\"@type\":\"SearchAction\",\"target\":{\"@type\":\"EntryPoint\",\"urlTemplate\":\"https:\/\/dominiqueidiart.fr\/?s={search_term_string}\"},\"query-input\":\"required name=search_term_string\"}],\"inLanguage\":\"fr-FR\"}]}<\/script>\n<!-- \/ Yoast SEO plugin. -->","yoast_head_json":{"title":"Contact | DOMINIQUE IDIART STUDIO CONSEIL","robots":{"index":"noindex","follow":"follow"},"og_locale":"fr_FR","og_type":"article","og_title":"Contact | DOMINIQUE IDIART STUDIO CONSEIL","og_description":"[vc_row css_animation=\u00a0\u00bb\u00a0\u00bb row_type=\u00a0\u00bbrow\u00a0\u00bb use_row_as_full_screen_section=\u00a0\u00bbno\u00a0\u00bb type=\u00a0\u00bbgrid\u00a0\u00bb angled_section=\u00a0\u00bbno\u00a0\u00bb text_align=\u00a0\u00bbleft\u00a0\u00bb background_image_as_pattern=\u00a0\u00bbwithout_pattern\u00a0\u00bb padding_top=\u00a0\u00bb98&Prime; padding_bottom=\u00a0\u00bb62&Prime;][vc_column width=\u00a0\u00bb1\/2&Prime;][vc_column_text] Contact [\/vc_column_text][vc_separator type=\u00a0\u00bbtransparent\u00a0\u00bb up=\u00a0\u00bb27&Prime; down=\u00a0\u00bb0&Prime;][vc_column_text]Nous sommes \u00e0 votre \u00e9coute pour toute demande de renseignement sur notre activit\u00e9 ou un service que vous souhaiteriez nous commander. Merci de nous laisser un message le plus clair...","og_url":"https:\/\/dominiqueidiart.fr\/index.php\/contact-us\/","og_site_name":"DOMINIQUE IDIART STUDIO CONSEIL","article_publisher":"https:\/\/www.facebook.com\/Domditfreez","article_modified_time":"2018-07-31T11:19:10+00:00","twitter_card":"summary_large_image","twitter_site":"@Masta_FreeeeZ","twitter_misc":{"Dur\u00e9e de lecture estim\u00e9e":"1 minute"},"schema":{"@context":"https:\/\/schema.org","@graph":[{"@type":"WebPage","@id":"https:\/\/dominiqueidiart.fr\/index.php\/contact-us\/","url":"https:\/\/dominiqueidiart.fr\/index.php\/contact-us\/","name":"Contact | DOMINIQUE IDIART STUDIO CONSEIL","isPartOf":{"@id":"https:\/\/dominiqueidiart.fr\/#website"},"datePublished":"2015-05-28T07:03:52+00:00","dateModified":"2018-07-31T11:19:10+00:00","breadcrumb":{"@id":"https:\/\/dominiqueidiart.fr\/index.php\/contact-us\/#breadcrumb"},"inLanguage":"fr-FR","potentialAction":[{"@type":"ReadAction","target":["https:\/\/dominiqueidiart.fr\/index.php\/contact-us\/"]}]},{"@type":"BreadcrumbList","@id":"https:\/\/dominiqueidiart.fr\/index.php\/contact-us\/#breadcrumb","itemListElement":[{"@type":"ListItem","position":1,"name":"Accueil","item":"https:\/\/dominiqueidiart.fr\/"},{"@type":"ListItem","position":2,"name":"Contact"}]},{"@type":"WebSite","@id":"https:\/\/dominiqueidiart.fr\/#website","url":"https:\/\/dominiqueidiart.fr\/","name":"DOMINIQUE IDIART STUDIO CONSEIL","description":"Graphiste\u239cD.A.","potentialAction":[{"@type":"SearchAction","target":{"@type":"EntryPoint","urlTemplate":"https:\/\/dominiqueidiart.fr\/?s={search_term_string}"},"query-input":"required name=search_term_string"}],"inLanguage":"fr-FR"}]}},"jetpack_sharing_enabled":true,"jetpack_shortlink":"https:\/\/wp.me\/P9MET1-3Zi","jetpack_likes_enabled":true,"_links":{"self":[{"href":"https:\/\/dominiqueidiart.fr\/index.php\/wp-json\/wp\/v2\/pages\/15332"}],"collection":[{"href":"https:\/\/dominiqueidiart.fr\/index.php\/wp-json\/wp\/v2\/pages"}],"about":[{"href":"https:\/\/dominiqueidiart.fr\/index.php\/wp-json\/wp\/v2\/types\/page"}],"author":[{"embeddable":true,"href":"https:\/\/dominiqueidiart.fr\/index.php\/wp-json\/wp\/v2\/users\/2"}],"replies":[{"embeddable":true,"href":"https:\/\/dominiqueidiart.fr\/index.php\/wp-json\/wp\/v2\/comments?post=15332"}],"version-history":[{"count":5,"href":"https:\/\/dominiqueidiart.fr\/index.php\/wp-json\/wp\/v2\/pages\/15332\/revisions"}],"predecessor-version":[{"id":16350,"href":"https:\/\/dominiqueidiart.fr\/index.php\/wp-json\/wp\/v2\/pages\/15332\/revisions\/16350"}],"wp:attachment":[{"href":"https:\/\/dominiqueidiart.fr\/index.php\/wp-json\/wp\/v2\/media?parent=15332"}],"curies":[{"name":"wp","href":"https:\/\/api.w.org\/{rel}","templated":true}]}}